{"id":418,"date":"2020-02-25T11:08:40","date_gmt":"2020-02-25T10:08:40","guid":{"rendered":"http:\/\/interfot.pl\/?page_id=418"},"modified":"2020-02-25T12:01:53","modified_gmt":"2020-02-25T11:01:53","slug":"dane-firmy","status":"publish","type":"page","link":"http:\/\/interfot.pl\/index.php\/dane-firmy\/","title":{"rendered":"DANE FIRMY"},"content":{"rendered":"<style type=\"text\/css\">\n.tg  {border-collapse:collapse;border-spacing:0;}<br \/>.tg td{font-family:Arial, sans-serif;font-size:14px;padding:10px 20px;border-style:solid;border-width:1px;overflow:hidden;word-break:normal;border-color:black;}<br \/>.tg th{font-family:Arial, sans-serif;font-size:14px;font-weight:normal;padding:10px 20px;border-style:solid;border-width:1px;overflow:hidden;word-break:normal;border-color:black;}<br \/>.tg .tg-fot{border-color:inherit;text-align:left;vertical-align:top}<br \/>.tg .tg-int{text-align:left;vertical-align:top}<br \/><\/style>\n<table class=\"tg\">\n<tbody>\n<tr>\n<th class=\"tg-int\"><\/th>\n<th class=\"tg-int\"><\/th>\n<\/tr>\n<tr>\n<td class=\"tg-int\">Imi\u0119<\/td>\n<td class=\"tg-int\">Maciej<\/td>\n<\/tr>\n<tr>\n<td class=\"tg-int\">Nazwisko<\/td>\n<td class=\"tg-int\">Schreiber<\/td>\n<\/tr>\n<tr>\n<td class=\"tg-int\">Numer NIP<\/td>\n<td class=\"tg-int\">9551821660<\/td>\n<\/tr>\n<tr>\n<td class=\"tg-int\">Numer REGON<\/td>\n<td class=\"tg-int\">811784790<\/td>\n<\/tr>\n<tr>\n<td class=\"tg-int\">Firma przedsi\u0119biorcy<\/td>\n<td class=\"tg-int\">Maciej Schreiber INTERFOT<\/td>\n<\/tr>\n<tr>\n<td class=\"tg-int\">Sta\u0142e miejsce wykonywania dzia\u0142alno\u015bci gospodarczej<\/td>\n<td class=\"tg-int\">woj. ZACHODNIOPOMORSKIE, pow. Szczecin, gm. Szczecin, miejsc. Szczecin, ul. Modra, nr 62, 71-220, poczta Szczecin<\/td>\n<\/tr>\n<tr>\n<td class=\"tg-int\">Adres do dor\u0119cze\u0144<\/td>\n<td class=\"tg-int\">woj. ZACHODNIOPOMORSKIE, pow. Szczecin, gm. Szczecin, miejsc. Szczecin, ul. Modra, nr 62, 71-220, poczta Szczecin<\/td>\n<\/tr>\n<tr>\n<td class=\"tg-int\">Przedsi\u0119biorca posiada obywatelstwa pa\u0144stw<\/td>\n<td class=\"tg-int\">Polska<\/td>\n<\/tr>\n<tr>\n<td class=\"tg-int\">Data rozpocz\u0119cia wykonywania dzia\u0142alno\u015bci gospodarczej<\/td>\n<td class=\"tg-int\">2018-05-01<\/td>\n<\/tr>\n<tr>\n<td class=\"tg-int\">Przewa\u017caj\u0105ca dzia\u0142alno\u015b\u0107 gospodarcza (kod PKD)<\/td>\n<td class=\"tg-int\">62.01.Z Dzia\u0142alno\u015b\u0107 zwi\u0105zana z oprogramowaniem<\/td>\n<\/tr>\n<tr>\n<td class=\"tg-int\">Wykonywana dzia\u0142alno\u015b\u0107 gospodarcza (kody PKD)<\/td>\n<td class=\"tg-int\">62.01.Z, 47.71.Z, 47.91.Z, 62.02.Z, 62.03.Z, 62.09.Z, 63.11.Z, 63.12.Z, 73.11.Z, 74.20.Z<\/td>\n<\/tr>\n<\/tbody>\n<\/table>\n\n\n<iframe loading=\"lazy\" width=\"100%\" height=\"350\" frameborder=\"0\" scrolling=\"no\" marginheight=\"0\" marginwidth=\"0\" src=\"https:\/\/www.openstreetmap.org\/export\/embed.html?bbox=14.364624023437502%2C53.41260151796136%2C14.591217041015627%2C53.49774743056701&amp;layer=mapnik&amp;marker=53.4551958143372%2C14.477920532226562\" style=\"border: 1px solid black\"><\/iframe><br\/><small><a href=\"https:\/\/www.openstreetmap.org\/?mlat=53.4552&amp;mlon=14.4779#map=13\/53.4552\/14.4779\">Wy\u015bwietl wi\u0119ksz\u0105 map\u0119<\/a><\/small>\n","protected":false},"excerpt":{"rendered":"<p>Imi\u0119 Maciej Nazwisko Schreiber Numer NIP 9551821660 Numer REGON 811784790 Firma przedsi\u0119biorcy Maciej Schreiber INTERFOT Sta\u0142e miejsce wykonywania dzia\u0142alno\u015bci gospodarczej woj. ZACHODNIOPOMORSKIE, pow. Szczecin, gm. Szczecin, miejsc. Szczecin, ul. Modra, nr 62, 71-220, poczta Szczecin Adres do dor\u0119cze\u0144 woj. ZACHODNIOPOMORSKIE, pow. Szczecin, gm. Szczecin, miejsc. Szczecin, ul. Modra, nr 62, 71-220, poczta Szczecin Przedsi\u0119biorca posiada&period;&period;&period;<\/p>\n","protected":false},"author":1,"featured_media":0,"parent":0,"menu_order":0,"comment_status":"closed","ping_status":"closed","template":"","meta":{"footnotes":""},"class_list":["post-418","page","type-page","status-publish","hentry"],"_links":{"self":[{"href":"http:\/\/interfot.pl\/index.php\/wp-json\/wp\/v2\/pages\/418"}],"collection":[{"href":"http:\/\/interfot.pl\/index.php\/wp-json\/wp\/v2\/pages"}],"about":[{"href":"http:\/\/interfot.pl\/index.php\/wp-json\/wp\/v2\/types\/page"}],"author":[{"embeddable":true,"href":"http:\/\/interfot.pl\/index.php\/wp-json\/wp\/v2\/users\/1"}],"replies":[{"embeddable":true,"href":"http:\/\/interfot.pl\/index.php\/wp-json\/wp\/v2\/comments?post=418"}],"version-history":[{"count":3,"href":"http:\/\/interfot.pl\/index.php\/wp-json\/wp\/v2\/pages\/418\/revisions"}],"predecessor-version":[{"id":456,"href":"http:\/\/interfot.pl\/index.php\/wp-json\/wp\/v2\/pages\/418\/revisions\/456"}],"wp:attachment":[{"href":"http:\/\/interfot.pl\/index.php\/wp-json\/wp\/v2\/media?parent=418"}],"curies":[{"name":"wp","href":"https:\/\/api.w.org\/{rel}","templated":true}]}}

<style type="text/css">
.tg  {border-collapse:collapse;border-spacing:0;}<br />.tg td{font-family:Arial, sans-serif;font-size:14px;padding:10px 20px;border-style:solid;border-width:1px;overflow:hidden;word-break:normal;border-color:black;}<br />.tg th{font-family:Arial, sans-serif;font-size:14px;font-weight:normal;padding:10px 20px;border-style:solid;border-width:1px;overflow:hidden;word-break:normal;border-color:black;}<br />.tg .tg-fot{border-color:inherit;text-align:left;vertical-align:top}<br />.tg .tg-int{text-align:left;vertical-align:top}<br /></style>
<table class="tg">
<tbody>
<tr>
<th class="tg-int"></th>
<th class="tg-int"></th>
</tr>
<tr>
<td class="tg-int">Imię</td>
<td class="tg-int">Maciej</td>
</tr>
<tr>
<td class="tg-int">Nazwisko</td>
<td class="tg-int">Schreiber</td>
</tr>
<tr>
<td class="tg-int">Numer NIP</td>
<td class="tg-int">9551821660</td>
</tr>
<tr>
<td class="tg-int">Numer REGON</td>
<td class="tg-int">811784790</td>
</tr>
<tr>
<td class="tg-int">Firma przedsiębiorcy</td>
<td class="tg-int">Maciej Schreiber INTERFOT</td>
</tr>
<tr>
<td class="tg-int">Stałe miejsce wykonywania działalności gospodarczej</td>
<td class="tg-int">woj. ZACHODNIOPOMORSKIE, pow. Szczecin, gm. Szczecin, miejsc. Szczecin, ul. Modra, nr 62, 71-220, poczta Szczecin</td>
</tr>
<tr>
<td class="tg-int">Adres do doręczeń</td>
<td class="tg-int">woj. ZACHODNIOPOMORSKIE, pow. Szczecin, gm. Szczecin, miejsc. Szczecin, ul. Modra, nr 62, 71-220, poczta Szczecin</td>
</tr>
<tr>
<td class="tg-int">Przedsiębiorca posiada obywatelstwa państw</td>
<td class="tg-int">Polska</td>
</tr>
<tr>
<td class="tg-int">Data rozpoczęcia wykonywania działalności gospodarczej</td>
<td class="tg-int">2018-05-01</td>
</tr>
<tr>
<td class="tg-int">Przeważająca działalność gospodarcza (kod PKD)</td>
<td class="tg-int">62.01.Z Działalność związana z oprogramowaniem</td>
</tr>
<tr>
<td class="tg-int">Wykonywana działalność gospodarcza (kody PKD)</td>
<td class="tg-int">62.01.Z, 47.71.Z, 47.91.Z, 62.02.Z, 62.03.Z, 62.09.Z, 63.11.Z, 63.12.Z, 73.11.Z, 74.20.Z</td>
</tr>
</tbody>
</table>


<iframe loading="lazy" width="100%" height="350" frameborder="0" scrolling="no" marginheight="0" marginwidth="0" src="https://www.openstreetmap.org/export/embed.html?bbox=14.364624023437502%2C53.41260151796136%2C14.591217041015627%2C53.49774743056701&amp;layer=mapnik&amp;marker=53.4551958143372%2C14.477920532226562" style="border: 1px solid black"></iframe><br/><small><a href="https://www.openstreetmap.org/?mlat=53.4552&amp;mlon=14.4779#map=13/53.4552/14.4779">Wyświetl większą mapę</a></small>

<p>Imię Maciej Nazwisko Schreiber Numer NIP 9551821660 Numer REGON 811784790 Firma przedsiębiorcy Maciej Schreiber INTERFOT Stałe miejsce wykonywania działalności gospodarczej woj. ZACHODNIOPOMORSKIE, pow. Szczecin, gm. Szczecin, miejsc. Szczecin, ul. Modra, nr 62, 71-220, poczta Szczecin Adres do doręczeń woj. ZACHODNIOPOMORSKIE, pow. Szczecin, gm. Szczecin, miejsc. Szczecin, ul. Modra, nr 62, 71-220, poczta Szczecin Przedsiębiorca posiada&period;&period;&period;</p>
